{"id":590,"date":"2026-07-06T15:03:25","date_gmt":"2026-07-06T20:03:25","guid":{"rendered":"https:\/\/floristeriaprimaverareal.com\/?post_type=product&#038;p=590"},"modified":"2026-07-06T15:06:34","modified_gmt":"2026-07-06T20:06:34","slug":"corona-funebre-blanca-y-amarilla-03","status":"publish","type":"product","link":"https:\/\/floristeriaprimaverareal.com\/en\/product\/corona-funebre-blanca-y-amarilla-03\/","title":{"rendered":"Corona f\u00fanebre blanca y amarilla  03"},"content":{"rendered":"<p data-start=\"395\" data-end=\"728\">Expresa tus condolencias con elegancia y respeto con esta hermosa <strong data-start=\"461\" data-end=\"508\">corona f\u00fanebre en tonos blancos y amarillos<\/strong>, elaborada con <strong data-start=\"524\" data-end=\"564\">rosas, crisantemos y follaje natural<\/strong>.<br data-start=\"565\" data-end=\"568\" \/>Cada flor ha sido seleccionada cuidadosamente para transmitir <strong data-start=\"630\" data-end=\"657\">paz, esperanza y cari\u00f1o<\/strong>, convirtiendo este arreglo en un homenaje lleno de amor y serenidad.<\/p>\n<p data-start=\"730\" data-end=\"881\">Ideal para acompa\u00f1ar ceremonias de despedida, velorios o misas f\u00fanebres, este dise\u00f1o floral simboliza la <strong data-start=\"835\" data-end=\"863\">luz y el recuerdo eterno<\/strong> de quien parte.<\/p>\n<p data-start=\"883\" data-end=\"897\"><strong data-start=\"883\" data-end=\"895\">Incluye:<\/strong><\/p>\n<ul data-start=\"898\" data-end=\"1041\">\n<li data-start=\"898\" data-end=\"935\">\n<p data-start=\"900\" data-end=\"935\">Rosas blancas y amarillas frescas<\/p>\n<\/li>\n<li data-start=\"936\" data-end=\"970\">\n<p data-start=\"938\" data-end=\"970\">Flores complementarias blancas<\/p>\n<\/li>\n<li data-start=\"971\" data-end=\"996\">\n<p data-start=\"973\" data-end=\"996\">Follaje verde natural<\/p>\n<\/li>\n<li data-start=\"997\" data-end=\"1041\">\n<p data-start=\"999\" data-end=\"1041\">con mensaje opcional<\/p>\n<\/li>\n<\/ul>\n<p data-start=\"1043\" data-end=\"1141\"><strong data-start=\"1100\" data-end=\"1141\">Entrega r\u00e1pida en Cali y alrededores.<\/strong><\/p>","protected":false},"excerpt":{"rendered":"<p>Expresa tus condolencias con elegancia y respeto con esta hermosa corona f\u00fanebre en tonos blancos y amarillos, elaborada con rosas, crisantemos y follaje natural.Cada flor ha sido seleccionada cuidadosamente para transmitir paz, esperanza y cari\u00f1o, convirtiendo este arreglo en un homenaje lleno de amor y serenidad. Ideal para acompa\u00f1ar ceremonias de despedida, velorios o misas [&hellip;]<\/p>\n","protected":false},"featured_media":646,"comment_status":"open","ping_status":"closed","template":"","meta":{"_acf_changed":false,"inline_featured_image":false},"product_cat":[118],"product_tag":[],"class_list":["post-590","product","type-product","status-publish","has-post-thumbnail","product_cat-funebres","first","instock","shipping-taxable","purchasable","product-type-simple","rey-swatches",""],"acf":[],"_links":{"self":[{"href":"https:\/\/floristeriaprimaverareal.com\/en\/wp-json\/wp\/v2\/product\/590","targetHints":{"allow":["GET"]}}],"collection":[{"href":"https:\/\/floristeriaprimaverareal.com\/en\/wp-json\/wp\/v2\/product"}],"about":[{"href":"https:\/\/floristeriaprimaverareal.com\/en\/wp-json\/wp\/v2\/types\/product"}],"replies":[{"embeddable":true,"href":"https:\/\/floristeriaprimaverareal.com\/en\/wp-json\/wp\/v2\/comments?post=590"}],"wp:featuredmedia":[{"embeddable":true,"href":"https:\/\/floristeriaprimaverareal.com\/en\/wp-json\/wp\/v2\/media\/646"}],"wp:attachment":[{"href":"https:\/\/floristeriaprimaverareal.com\/en\/wp-json\/wp\/v2\/media?parent=590"}],"wp:term":[{"taxonomy":"product_cat","embeddable":true,"href":"https:\/\/floristeriaprimaverareal.com\/en\/wp-json\/wp\/v2\/product_cat?post=590"},{"taxonomy":"product_tag","embeddable":true,"href":"https:\/\/floristeriaprimaverareal.com\/en\/wp-json\/wp\/v2\/product_tag?post=590"}],"curies":[{"name":"wp","href":"https:\/\/api.w.org\/{rel}","templated":true}]}}

Corona fúnebre blanca y amarilla  03

<p data-start="395" data-end="728">Expresa tus condolencias con elegancia y respeto con esta hermosa <strong data-start="461" data-end="508">corona fúnebre en tonos blancos y amarillos</strong>, elaborada con <strong data-start="524" data-end="564">rosas, crisantemos y follaje natural</strong>.<br data-start="565" data-end="568" />Cada flor ha sido seleccionada cuidadosamente para transmitir <strong data-start="630" data-end="657">paz, esperanza y cariño</strong>, convirtiendo este arreglo en un homenaje lleno de amor y serenidad.</p>
<p data-start="730" data-end="881">Ideal para acompañar ceremonias de despedida, velorios o misas fúnebres, este diseño floral simboliza la <strong data-start="835" data-end="863">luz y el recuerdo eterno</strong> de quien parte.</p>
<p data-start="883" data-end="897"><strong data-start="883" data-end="895">Incluye:</strong></p>
<ul data-start="898" data-end="1041">
<li data-start="898" data-end="935">
<p data-start="900" data-end="935">Rosas blancas y amarillas frescas</p>
</li>
<li data-start="936" data-end="970">
<p data-start="938" data-end="970">Flores complementarias blancas</p>
</li>
<li data-start="971" data-end="996">
<p data-start="973" data-end="996">Follaje verde natural</p>
</li>
<li data-start="997" data-end="1041">
<p data-start="999" data-end="1041">con mensaje opcional</p>
</li>
</ul>
<p data-start="1043" data-end="1141"><strong data-start="1100" data-end="1141">Entrega rápida en Cali y alrededores.</strong></p>

<p>Expresa tus condolencias con elegancia y respeto con esta hermosa corona fúnebre en tonos blancos y amarillos, elaborada con rosas, crisantemos y follaje natural.Cada flor ha sido seleccionada cuidadosamente para transmitir paz, esperanza y cariño, convirtiendo este arreglo en un homenaje lleno de amor y serenidad. Ideal para acompañar ceremonias de despedida, velorios o misas [&hellip;]</p>
